{"id":3182,"date":"2026-02-22T07:43:43","date_gmt":"2026-02-22T07:43:43","guid":{"rendered":"https:\/\/hidesdeltietar.com\/?page_id=3182"},"modified":"2026-02-22T07:43:44","modified_gmt":"2026-02-22T07:43:44","slug":"taller-rapaces-con-estelas","status":"publish","type":"page","link":"https:\/\/hidesdeltietar.com\/en\/taller-rapaces-con-estelas\/","title":{"rendered":"Taller RAPACES CON ESTELAS"},"content":{"rendered":"<h1 class=\"wp-block-heading\">FOTOGRAF\u00cdA DE RAPACES NOCTURNAS CON ESTELAS 2026<\/h1>\n\n\n\n<p class=\"wp-block-paragraph\">Un taller especializado en una t\u00e9cnica avanzada y poco habitual dentro de la fotograf\u00eda de fauna: la creaci\u00f3n controlada de estelas de luz aplicadas al vuelo de rapaces nocturnas.<\/p>\n\n\n\n<p class=\"wp-block-paragraph\">Actualmente no se conocen talleres espec\u00edficos centrados exclusivamente en esta t\u00e9cnica aplicada a rapaces en vuelo. Se trata de una disciplina compleja que combina precisi\u00f3n t\u00e9cnica, control de iluminaci\u00f3n artificial y sincronizaci\u00f3n exacta del movimiento real del ave.<\/p>\n\n\n\n<p class=\"wp-block-paragraph\">\ud83d\udccd <strong>Lugar:<\/strong> Hotel Garabatos<br>\ud83d\udc65 <strong>Plazas limitadas:<\/strong> m\u00e1ximo 15 participantes<br>\ud83d\udcb0 <strong>Price:<\/strong> 225 \u20ac por persona<br>\ud83d\udcc5 <strong>Fechas:<\/strong> 18 y 19 de abril de 2026<\/p>\n\n\n\n<hr class=\"wp-block-separator has-alpha-channel-opacity\"\/>\n\n\n\n<h2 class=\"wp-block-heading\">Horario<\/h2>\n\n\n\n<p class=\"wp-block-paragraph\"><strong>S\u00e1bado<\/strong><br>\u2022 10:00 \u2013 14:00 \u2192 Sesi\u00f3n te\u00f3rica intensiva<br>\u2022 16:00 \u2013 19:00 \u2192 Pr\u00e1cticas con rapaces en vuelo<\/p>\n\n\n\n<p class=\"wp-block-paragraph\"><strong>Domingo<\/strong><br>\u2022 10:00 \u2013 12:00 \u2192 Pr\u00e1ctica avanzada y perfeccionamiento<\/p>\n\n\n\n<p class=\"wp-block-paragraph\">El inicio a las 10:00 del s\u00e1bado permite el desplazamiento desde Madrid esa misma ma\u00f1ana.<\/p>\n\n\n\n<hr class=\"wp-block-separator has-alpha-channel-opacity\"\/>\n\n\n\n<h2 class=\"wp-block-heading\">Enfoque del taller<\/h2>\n\n\n\n<p class=\"wp-block-paragraph\">La fotograf\u00eda de estelas en vuelo exige un alto nivel t\u00e9cnico y comprensi\u00f3n profunda del comportamiento del movimiento. No es una t\u00e9cnica sencilla. Requiere:<\/p>\n\n\n\n<p class=\"wp-block-paragraph\">\u2022 Control preciso de la exposici\u00f3n<br>\u2022 Gesti\u00f3n avanzada de luz artificial<br>\u2022 Sincronizaci\u00f3n exacta del disparo<br>\u2022 Comprensi\u00f3n del movimiento real en vuelo<br>\u2022 Conocimiento del funcionamiento de barreras de infrarrojos, necesarias en determinadas situaciones para este tipo de fotograf\u00edas<\/p>\n\n\n\n<p class=\"wp-block-paragraph\">Durante el taller se explicar\u00e1 todo el proceso paso a paso para que cada participante adquiera los conocimientos necesarios y pueda aplicar esta t\u00e9cnica posteriormente de forma aut\u00f3noma en sus propias sesiones.<\/p>\n\n\n\n<hr class=\"wp-block-separator has-alpha-channel-opacity\"\/>","protected":false},"excerpt":{"rendered":"<p>FOTOGRAF\u00cdA DE RAPACES NOCTURNAS CON ESTELAS 2026 Un taller especializado en una t\u00e9cnica avanzada y poco habitual dentro de la fotograf\u00eda de fauna: la creaci\u00f3n controlada de estelas de luz aplicadas al vuelo de rapaces nocturnas. Actualmente no se conocen talleres espec\u00edficos centrados exclusivamente en esta t\u00e9cnica aplicada a rapaces en vuelo. Se trata de [&hellip;]<\/p>\n","protected":false},"author":1,"featured_media":0,"parent":0,"menu_order":0,"comment_status":"closed","ping_status":"closed","template":"","meta":{"_crdt_document":"","footnotes":""},"class_list":["post-3182","page","type-page","status-publish","hentry"],"yoast_head":"<!-- This site is optimized with the Yoast SEO plugin v27.5 - https:\/\/yoast.com\/product\/yoast-seo-wordpress\/ -->\n<title>Taller RAPACES CON ESTELAS -hides fotograf\u00eda<\/title>\n<meta name=\"description\" content=\"Hides fotograf\u00eda aves\" \/>\n<meta name=\"robots\" content=\"index, follow, max-snippet:-1, max-image-preview:large, max-video-preview:-1\" \/>\n<link rel=\"canonical\" href=\"https:\/\/hidesdeltietar.com\/en\/taller-rapaces-con-estelas\/\" \/>\n<meta property=\"og:locale\" content=\"en_GB\" \/>\n<meta property=\"og:type\" content=\"article\" \/>\n<meta property=\"og:title\" content=\"Taller RAPACES CON ESTELAS -hides fotograf\u00eda\" \/>\n<meta property=\"og:description\" content=\"Hides fotograf\u00eda aves\" \/>\n<meta property=\"og:url\" content=\"https:\/\/hidesdeltietar.com\/en\/taller-rapaces-con-estelas\/\" \/>\n<meta property=\"og:site_name\" content=\"Hides del Ti\u00e9tar\" \/>\n<meta property=\"article:modified_time\" content=\"2026-02-22T07:43:44+00:00\" \/>\n<meta property=\"og:image\" content=\"https:\/\/hidesdeltietar.com\/wp-content\/uploads\/2017\/12\/FER5824-copia.jpg\" \/>\n\t<meta property=\"og:image:width\" content=\"800\" \/>\n\t<meta property=\"og:image:height\" content=\"534\" \/>\n\t<meta property=\"og:image:type\" content=\"image\/jpeg\" \/>\n<meta name=\"twitter:card\" content=\"summary_large_image\" \/>\n<meta name=\"twitter:label1\" content=\"Estimated reading time\" \/>\n\t<meta name=\"twitter:data1\" content=\"2 minutes\" \/>\n<script type=\"application\/ld+json\" class=\"yoast-schema-graph\">{\"@context\":\"https:\\\/\\\/schema.org\",\"@graph\":[{\"@type\":\"WebPage\",\"@id\":\"https:\\\/\\\/hidesdeltietar.com\\\/taller-rapaces-con-estelas\\\/\",\"url\":\"https:\\\/\\\/hidesdeltietar.com\\\/taller-rapaces-con-estelas\\\/\",\"name\":\"Taller RAPACES CON ESTELAS -hides fotograf\u00eda\",\"isPartOf\":{\"@id\":\"https:\\\/\\\/hidesdeltietar.com\\\/#website\"},\"datePublished\":\"2026-02-22T07:43:43+00:00\",\"dateModified\":\"2026-02-22T07:43:44+00:00\",\"description\":\"Hides fotograf\u00eda aves\",\"breadcrumb\":{\"@id\":\"https:\\\/\\\/hidesdeltietar.com\\\/taller-rapaces-con-estelas\\\/#breadcrumb\"},\"inLanguage\":\"en-GB\",\"potentialAction\":[{\"@type\":\"ReadAction\",\"target\":[\"https:\\\/\\\/hidesdeltietar.com\\\/taller-rapaces-con-estelas\\\/\"]}]},{\"@type\":\"BreadcrumbList\",\"@id\":\"https:\\\/\\\/hidesdeltietar.com\\\/taller-rapaces-con-estelas\\\/#breadcrumb\",\"itemListElement\":[{\"@type\":\"ListItem\",\"position\":1,\"name\":\"Portada\",\"item\":\"https:\\\/\\\/hidesdeltietar.com\\\/\"},{\"@type\":\"ListItem\",\"position\":2,\"name\":\"Taller RAPACES CON ESTELAS\"}]},{\"@type\":\"WebSite\",\"@id\":\"https:\\\/\\\/hidesdeltietar.com\\\/#website\",\"url\":\"https:\\\/\\\/hidesdeltietar.com\\\/\",\"name\":\"Hides del Ti\u00e9tar\",\"description\":\"Hides fotograficos, fotografia de Fauna en Espa\u00f1a\",\"publisher\":{\"@id\":\"https:\\\/\\\/hidesdeltietar.com\\\/#\\\/schema\\\/person\\\/255bb2e69140f1ea0b5afd8ce546b35f\"},\"potentialAction\":[{\"@type\":\"SearchAction\",\"target\":{\"@type\":\"EntryPoint\",\"urlTemplate\":\"https:\\\/\\\/hidesdeltietar.com\\\/?s={search_term_string}\"},\"query-input\":{\"@type\":\"PropertyValueSpecification\",\"valueRequired\":true,\"valueName\":\"search_term_string\"}}],\"inLanguage\":\"en-GB\"},{\"@type\":[\"Person\",\"Organization\"],\"@id\":\"https:\\\/\\\/hidesdeltietar.com\\\/#\\\/schema\\\/person\\\/255bb2e69140f1ea0b5afd8ce546b35f\",\"name\":\"fsanchex\",\"image\":{\"@type\":\"ImageObject\",\"inLanguage\":\"en-GB\",\"@id\":\"https:\\\/\\\/hidesdeltietar.com\\\/wp-content\\\/uploads\\\/2017\\\/12\\\/Logo.png\",\"url\":\"https:\\\/\\\/hidesdeltietar.com\\\/wp-content\\\/uploads\\\/2017\\\/12\\\/Logo.png\",\"contentUrl\":\"https:\\\/\\\/hidesdeltietar.com\\\/wp-content\\\/uploads\\\/2017\\\/12\\\/Logo.png\",\"width\":3000,\"height\":2000,\"caption\":\"fsanchex\"},\"logo\":{\"@id\":\"https:\\\/\\\/hidesdeltietar.com\\\/wp-content\\\/uploads\\\/2017\\\/12\\\/Logo.png\"}}]}<\/script>\n<!-- \/ Yoast SEO plugin. -->","yoast_head_json":{"title":"Taller RAPACES CON ESTELAS -hides fotograf\u00eda","description":"Hides fotograf\u00eda aves","robots":{"index":"index","follow":"follow","max-snippet":"max-snippet:-1","max-image-preview":"max-image-preview:large","max-video-preview":"max-video-preview:-1"},"canonical":"https:\/\/hidesdeltietar.com\/en\/taller-rapaces-con-estelas\/","og_locale":"en_GB","og_type":"article","og_title":"Taller RAPACES CON ESTELAS -hides fotograf\u00eda","og_description":"Hides fotograf\u00eda aves","og_url":"https:\/\/hidesdeltietar.com\/en\/taller-rapaces-con-estelas\/","og_site_name":"Hides del Ti\u00e9tar","article_modified_time":"2026-02-22T07:43:44+00:00","og_image":[{"width":800,"height":534,"url":"https:\/\/hidesdeltietar.com\/wp-content\/uploads\/2017\/12\/FER5824-copia.jpg","type":"image\/jpeg"}],"twitter_card":"summary_large_image","twitter_misc":{"Estimated reading time":"2 minutes"},"schema":{"@context":"https:\/\/schema.org","@graph":[{"@type":"WebPage","@id":"https:\/\/hidesdeltietar.com\/taller-rapaces-con-estelas\/","url":"https:\/\/hidesdeltietar.com\/taller-rapaces-con-estelas\/","name":"Taller RAPACES CON ESTELAS -hides fotograf\u00eda","isPartOf":{"@id":"https:\/\/hidesdeltietar.com\/#website"},"datePublished":"2026-02-22T07:43:43+00:00","dateModified":"2026-02-22T07:43:44+00:00","description":"Hides fotograf\u00eda aves","breadcrumb":{"@id":"https:\/\/hidesdeltietar.com\/taller-rapaces-con-estelas\/#breadcrumb"},"inLanguage":"en-GB","potentialAction":[{"@type":"ReadAction","target":["https:\/\/hidesdeltietar.com\/taller-rapaces-con-estelas\/"]}]},{"@type":"BreadcrumbList","@id":"https:\/\/hidesdeltietar.com\/taller-rapaces-con-estelas\/#breadcrumb","itemListElement":[{"@type":"ListItem","position":1,"name":"Portada","item":"https:\/\/hidesdeltietar.com\/"},{"@type":"ListItem","position":2,"name":"Taller RAPACES CON ESTELAS"}]},{"@type":"WebSite","@id":"https:\/\/hidesdeltietar.com\/#website","url":"https:\/\/hidesdeltietar.com\/","name":"Hides del Ti\u00e9tar","description":"Hides fotograficos, fotografia de Fauna en Espa\u00f1a","publisher":{"@id":"https:\/\/hidesdeltietar.com\/#\/schema\/person\/255bb2e69140f1ea0b5afd8ce546b35f"},"potentialAction":[{"@type":"SearchAction","target":{"@type":"EntryPoint","urlTemplate":"https:\/\/hidesdeltietar.com\/?s={search_term_string}"},"query-input":{"@type":"PropertyValueSpecification","valueRequired":true,"valueName":"search_term_string"}}],"inLanguage":"en-GB"},{"@type":["Person","Organization"],"@id":"https:\/\/hidesdeltietar.com\/#\/schema\/person\/255bb2e69140f1ea0b5afd8ce546b35f","name":"fsanchex","image":{"@type":"ImageObject","inLanguage":"en-GB","@id":"https:\/\/hidesdeltietar.com\/wp-content\/uploads\/2017\/12\/Logo.png","url":"https:\/\/hidesdeltietar.com\/wp-content\/uploads\/2017\/12\/Logo.png","contentUrl":"https:\/\/hidesdeltietar.com\/wp-content\/uploads\/2017\/12\/Logo.png","width":3000,"height":2000,"caption":"fsanchex"},"logo":{"@id":"https:\/\/hidesdeltietar.com\/wp-content\/uploads\/2017\/12\/Logo.png"}}]}},"_links":{"self":[{"href":"https:\/\/hidesdeltietar.com\/en\/wp-json\/wp\/v2\/pages\/3182","targetHints":{"allow":["GET"]}}],"collection":[{"href":"https:\/\/hidesdeltietar.com\/en\/wp-json\/wp\/v2\/pages"}],"about":[{"href":"https:\/\/hidesdeltietar.com\/en\/wp-json\/wp\/v2\/types\/page"}],"author":[{"embeddable":true,"href":"https:\/\/hidesdeltietar.com\/en\/wp-json\/wp\/v2\/users\/1"}],"replies":[{"embeddable":true,"href":"https:\/\/hidesdeltietar.com\/en\/wp-json\/wp\/v2\/comments?post=3182"}],"version-history":[{"count":1,"href":"https:\/\/hidesdeltietar.com\/en\/wp-json\/wp\/v2\/pages\/3182\/revisions"}],"predecessor-version":[{"id":3183,"href":"https:\/\/hidesdeltietar.com\/en\/wp-json\/wp\/v2\/pages\/3182\/revisions\/3183"}],"wp:attachment":[{"href":"https:\/\/hidesdeltietar.com\/en\/wp-json\/wp\/v2\/media?parent=3182"}],"curies":[{"name":"wp","href":"https:\/\/api.w.org\/{rel}","templated":true}]}}

<h1 class="wp-block-heading">FOTOGRAFÍA DE RAPACES NOCTURNAS CON ESTELAS 2026</h1>



<p class="wp-block-paragraph">Un taller especializado en una técnica avanzada y poco habitual dentro de la fotografía de fauna: la creación controlada de estelas de luz aplicadas al vuelo de rapaces nocturnas.</p>



<p class="wp-block-paragraph">Actualmente no se conocen talleres específicos centrados exclusivamente en esta técnica aplicada a rapaces en vuelo. Se trata de una disciplina compleja que combina precisión técnica, control de iluminación artificial y sincronización exacta del movimiento real del ave.</p>



<p class="wp-block-paragraph">📍 <strong>Lugar:</strong> Hotel Garabatos<br>👥 <strong>Plazas limitadas:</strong> máximo 15 participantes<br>💰 <strong>Price:</strong> 225 € por persona<br>📅 <strong>Fechas:</strong> 18 y 19 de abril de 2026</p>



<hr class="wp-block-separator has-alpha-channel-opacity"/>



<h2 class="wp-block-heading">Horario</h2>



<p class="wp-block-paragraph"><strong>Sábado</strong><br>• 10:00 – 14:00 → Sesión teórica intensiva<br>• 16:00 – 19:00 → Prácticas con rapaces en vuelo</p>



<p class="wp-block-paragraph"><strong>Domingo</strong><br>• 10:00 – 12:00 → Práctica avanzada y perfeccionamiento</p>



<p class="wp-block-paragraph">El inicio a las 10:00 del sábado permite el desplazamiento desde Madrid esa misma mañana.</p>



<hr class="wp-block-separator has-alpha-channel-opacity"/>



<h2 class="wp-block-heading">Enfoque del taller</h2>



<p class="wp-block-paragraph">La fotografía de estelas en vuelo exige un alto nivel técnico y comprensión profunda del comportamiento del movimiento. No es una técnica sencilla. Requiere:</p>



<p class="wp-block-paragraph">• Control preciso de la exposición<br>• Gestión avanzada de luz artificial<br>• Sincronización exacta del disparo<br>• Comprensión del movimiento real en vuelo<br>• Conocimiento del funcionamiento de barreras de infrarrojos, necesarias en determinadas situaciones para este tipo de fotografías</p>



<p class="wp-block-paragraph">Durante el taller se explicará todo el proceso paso a paso para que cada participante adquiera los conocimientos necesarios y pueda aplicar esta técnica posteriormente de forma autónoma en sus propias sesiones.</p>



<hr class="wp-block-separator has-alpha-channel-opacity"/>

<p>FOTOGRAFÍA DE RAPACES NOCTURNAS CON ESTELAS 2026 Un taller especializado en una técnica avanzada y poco habitual dentro de la fotografía de fauna: la creación controlada de estelas de luz aplicadas al vuelo de rapaces nocturnas. Actualmente no se conocen talleres específicos centrados exclusivamente en esta técnica aplicada a rapaces en vuelo. Se trata de [&hellip;]</p>

<!-- This site is optimized with the Yoast SEO plugin v27.5 - https://yoast.com/product/yoast-seo-wordpress/ -->
<title>Taller RAPACES CON ESTELAS -hides fotografía</title>
<meta name="description" content="Hides fotografía aves" />
<meta name="robots" content="index, follow, max-snippet:-1, max-image-preview:large, max-video-preview:-1" />
<link rel="canonical" href="https://hidesdeltietar.com/en/taller-rapaces-con-estelas/" />
<meta property="og:locale" content="en_GB" />
<meta property="og:type" content="article" />
<meta property="og:title" content="Taller RAPACES CON ESTELAS -hides fotografía" />
<meta property="og:description" content="Hides fotografía aves" />
<meta property="og:url" content="https://hidesdeltietar.com/en/taller-rapaces-con-estelas/" />
<meta property="og:site_name" content="Hides del Tiétar" />
<meta property="article:modified_time" content="2026-02-22T07:43:44+00:00" />
<meta property="og:image" content="https://hidesdeltietar.com/wp-content/uploads/2017/12/FER5824-copia.jpg" />
	<meta property="og:image:width" content="800" />
	<meta property="og:image:height" content="534" />
	<meta property="og:image:type" content="image/jpeg" />
<meta name="twitter:card" content="summary_large_image" />
<meta name="twitter:label1" content="Estimated reading time" />
	<meta name="twitter:data1" content="2 minutes" />
<script type="application/ld+json" class="yoast-schema-graph">{"@context":"https:\/\/schema.org","@graph":[{"@type":"WebPage","@id":"https:\/\/hidesdeltietar.com\/taller-rapaces-con-estelas\/","url":"https:\/\/hidesdeltietar.com\/taller-rapaces-con-estelas\/","name":"Taller RAPACES CON ESTELAS -hides fotografía","isPartOf":{"@id":"https:\/\/hidesdeltietar.com\/#website"},"datePublished":"2026-02-22T07:43:43+00:00","dateModified":"2026-02-22T07:43:44+00:00","description":"Hides fotografía aves","breadcrumb":{"@id":"https:\/\/hidesdeltietar.com\/taller-rapaces-con-estelas\/#breadcrumb"},"inLanguage":"en-GB","potentialAction":[{"@type":"ReadAction","target":["https:\/\/hidesdeltietar.com\/taller-rapaces-con-estelas\/"]}]},{"@type":"BreadcrumbList","@id":"https:\/\/hidesdeltietar.com\/taller-rapaces-con-estelas\/#breadcrumb","itemListElement":[{"@type":"ListItem","position":1,"name":"Portada","item":"https:\/\/hidesdeltietar.com\/"},{"@type":"ListItem","position":2,"name":"Taller RAPACES CON ESTELAS"}]},{"@type":"WebSite","@id":"https:\/\/hidesdeltietar.com\/#website","url":"https:\/\/hidesdeltietar.com\/","name":"Hides del Tiétar","description":"Hides fotograficos, fotografia de Fauna en España","publisher":{"@id":"https:\/\/hidesdeltietar.com\/#\/schema\/person\/255bb2e69140f1ea0b5afd8ce546b35f"},"potentialAction":[{"@type":"SearchAction","target":{"@type":"EntryPoint","urlTemplate":"https:\/\/hidesdeltietar.com\/?s={search_term_string}"},"query-input":{"@type":"PropertyValueSpecification","valueRequired":true,"valueName":"search_term_string"}}],"inLanguage":"en-GB"},{"@type":["Person","Organization"],"@id":"https:\/\/hidesdeltietar.com\/#\/schema\/person\/255bb2e69140f1ea0b5afd8ce546b35f","name":"fsanchex","image":{"@type":"ImageObject","inLanguage":"en-GB","@id":"https:\/\/hidesdeltietar.com\/wp-content\/uploads\/2017\/12\/Logo.png","url":"https:\/\/hidesdeltietar.com\/wp-content\/uploads\/2017\/12\/Logo.png","contentUrl":"https:\/\/hidesdeltietar.com\/wp-content\/uploads\/2017\/12\/Logo.png","width":3000,"height":2000,"caption":"fsanchex"},"logo":{"@id":"https:\/\/hidesdeltietar.com\/wp-content\/uploads\/2017\/12\/Logo.png"}}]}</script>
<!-- / Yoast SEO plugin. -->

Taller RAPACES CON ESTELAS -hides fotografía

Hides fotografía aves

Hides del Tiétar

Hides fotograficos, fotografia de Fauna en España
